). Let x(s) = -s. Let j(m) = -u(m) + 5*x(m). What are the prime factors of j(-22)?
2, 7
Let q be (425/(-68))/((-1)/28). Suppose y = r + q, -350 = 24*y - 26*y - 5*r. List the prime factors of y.
5, 7
Let m(i) = -i**3 + 7*i**2 + 2*i. Let f be m(7). Suppose 0 = 58*z - 12327 - 14353. Suppose f*q - 4*q - z = 0. List the prime factors of q.
2, 23
List the prime factors of 31/(-155) - ((-166386)/30 - -3).
23, 241
Suppose 89*n = 95*n + 18. Let v(a) = 145*a**2 + 12*a + 18. What are the prime factors of v(n)?
3, 11, 13
Let v(y) = 195*y**2 - 131*y + 998. What are the prime factors of v(8)?
2, 5, 11, 113
Suppose 3 + 0 = 3*j + w, 0 = 5*j - 3*w + 9. Suppose j = 2*f - 4 - 2. Suppose -m = n - 25, 0*m + 4*n = f*m - 47. List the prime factors of m.
3, 7
Suppose 54 = 53*y - 44*y. Suppose -y*q - 896 = -6542. List the prime factors of q.
941
Suppose -4*d - 2*d = -24. Let c(k) = 13*k**2 - k - 13. List the prime factors of c(d).
191
Suppose -128 = -42*n + 38*n. Suppose n*s - 5768 = 25*s. What are the prime factors of s?
2, 103
Suppose 0 = 4*k - 2*d - 3*d - 171, -5*k + 198 = -d. Suppose k - 13 = -3*u + 4*m, u - 4*m + 22 = 0. Let w = 17 - u. List the prime factors of w.
19
What are the prime factors of 2059102/328 + (-1)/(-4)?
2, 43, 73
Suppose -3631*s + 101824 = -3623*s. What are the prime factors of s?
2, 37, 43
Let u = -633 + 1068. Let i = u - 387. What are the prime factors of i?
2, 3
Suppose -5*m = -4*m - 3. Suppose -q + m*g = 4, -4*g = 2*q - 7 - 25. What are the prime factors of q?
2
Suppose 2*i + 0*o - 82346 = -2*o, 3*i - 7*o - 123549 = 0. What are the prime factors of i?
2, 5147
Suppose 13*x - 18*x = 25, -m - 5*x - 20 = 0. Suppose -4*o + m*z = -1605, -3*z + 796 = 2*o + z. List the prime factors of o.
2, 5
What are the prime factors of 27/6*((-186160)/(-30) + -4)?
2, 3, 4651
Let x = 185 - 510. What are the prime factors of (-260)/x*(-2545)/(-2)?
2, 509
Suppose -3779 - 3254 = -5*f + 1432. What are the prime factors of f?
1693
Let w(l) = 60*l**2 + 3*l + 22. List the prime factors of w(5).
29, 53
Let b = -142 + 239. Suppose 0 = -o, -2*o - 1008 = -216*v + 213*v. Suppose b = -j + v. List the prime factors of j.
239
Suppose 4 = 21*y + 4. Suppose y = 62*h - 59*h - 3381. List the prime factors of h.
7, 23
Let a be 3*10/(-75) + (-167)/(-5). Suppose a = 3*r + 12. Suppose 711 = 4*k + 3*g, -r*g + 729 = 4*k - 10*g. List the prime factors of k.
2, 3, 5
Suppose 0 = 9*h - 5*h. Suppose h = 4*j - 702 - 578. List the prime factors of j.
2, 5
List the prime factors of (-2)/(37588/37596 + -1).
3, 13, 241
Let u(o) be the third derivative of o**6/120 - o**5/30 - o**4/6 + o**3 - 939*o**2. Let g(p) = -5*p - 1. Let v be g(-1). List the prime factors of u(v).
2, 11
Suppose b = 3*b - 10. Let v(h) = 29*h**2 - 2*h - 2. Let k be v(1). Suppose -i - 2*j + 120 = -5, k = -b*j. What are the prime factors of i?
3, 5
What are the prime factors of 21345079/531 + ((-51)/27 - -2)?
2, 101, 199
Suppose -4*d - 22 = -q, -d - 12 - 16 = -4*q. Let g(i) = 5*i**2 + 2*i + 4. What are the prime factors of g(q)?
2, 7
Suppose 12 = 60*w - 59*w. List the prime factors of (-3)/w - 130/(-40).
3
Suppose q - y + 7 = -10, -q - 5*y = -1. Let w(x) = -13*x - 25 + 10 + 2*x**3 + 34 + 27*x**2. What are the prime factors of w(q)?
5
Let v be 2/(-5) + 68/20. Suppose 3*n = 9 - v. Suppose -2*w = h + n*w - 65, 3*h + 4*w = 203. List the prime factors of h.
3, 23
Suppose 2*v + 79910 - 1131 = 3*c, -2 = 2*v. List the prime factors of c.
3, 8753
Suppose -25 = -5*a - 0, 5*n = 2*a + 70835. List the prime factors of n.
3, 4723
Let t(h) be the first derivative of 42*h**2 + 293*h - 12. What are the prime factors of t(14)?
13, 113
Let t(z) be the first derivative of 25*z**4/4 - z**3/3 + 3*z**2 - 5*z + 28. List the prime factors of t(2).
7, 29
Let f(d) = -115*d + 5. Let c be f(-6). Suppose 2*q = 10, c = 2*t - 2*q - 3*q. Suppose 4*m - 298 = -3*j + 78, j + t = 4*m. What are the prime factors of m?
7, 13
Let b(o) = -o**3 + 6*o**2 + 20*o + 2. Let t(s) = s**2 + s - 1. Let w(f) = -b(f) + 4*t(f). What are the prime factors of w(6)?
2, 3, 7
Let x be -1 - (-2 - (0 + 2)). Suppose x*r - 2*s - 6 = -s, s = 0. Suppose r*h - 4*h = -204. What are the prime factors of h?
2, 3, 17
Let n = -29 + 32. Suppose 33 = 8*j + n*j. Suppose 0 = j*a - 76 - 26. What are the prime factors of a?
2, 17
Suppose 4*i + 7*n - 86981 = 4*n, 0 = 4*i + 6*n - 86978. List the prime factors of i.
2, 83, 131
Let y(f) = -8 - f**3 - 7*f - 8*f - 7*f**2 + 0*f**2 + 6*f. Let l be y(-6). List the prime factors of (-376)/20*(-25)/l.
47
Let u = 230 + -238. Let i(v) = -42*v + 35. What are the prime factors of i(u)?
7, 53
Suppose -483*h + 486*h = 5*t - 105656, 3*t - 63384 = -3*h. What are the prime factors of t?
2, 5, 2113
Suppose 0 = 5*m + h - 129, -13 - 11 = -m - 2*h. Let c = 44 - m. What are the prime factors of (-87)/(-2) + ((-153)/c - -8)?
43
Suppose 2*s + 43 = 4*v + 7*s, 23 = 2*v + 3*s. Suppose 328 = 11*a - v*a. List the prime factors of (1/(3/15))/(2/a).
5, 41
Suppose 0*a = -3*a + 21. Let x(m) = -2*m**2 - 42*m - 37. Let o be x(-20). Suppose 2*v - 138 = o*c - a*c, -5*v + 321 = 2*c. List the prime factors of v.
3, 7
Let r = 4729 + 282. List the prime factors of r.
5011
Suppose -i + 6*i + a - 25647 = 0, -4*a - 15379 = -3*i. List the prime factors of i.
23, 223
Suppose -5*f + 2*u - 36 = -0*u, -12 = -4*u. Let h(z) = 22*z - 12. Let d be h(f). Let i = d + 240. List the prime factors of i.
2, 3
Suppose -78746 + 11809 = -10*h + 32403. List the prime factors of h.
2, 4967
Let g(n) = 3*n**3 - 11*n**2 + 78*n - 36. What are the prime factors of g(25)?
2, 19, 1103
Suppose -14 = 5*c + 2*t - 84, -c - 5*t = -37. Suppose 334 = -c*j + 1042. List the prime factors of j.
59
Suppose 32570 = 5*z - 3*y, -32570 = -46*z + 41*z - 6*y. What are the prime factors of z?
2, 3257
Let a(b) = 2*b**3 - 4*b**2 + 3*b - 2. Let y be a(3). Suppose -5*s + 9 - 9 = 0. Suppose -y = -i - s*i. List the prime factors of i.
5
Let i = -125692 - -271144. What are the prime factors of (4/10)/(-2) - i/(-460)?
2, 79
Suppose 190*z - 21492 = 181*z. Suppose -7*d = -z - 1777. List the prime factors of d.
5, 7, 17
Suppose -107*p + 9311396 - 1126373 = 274*p. What are the prime factors of p?
3, 7, 11, 31
Let b(o) = 7*o**2 - 26*o - 27. Let p be b(9). Let n = 950 - p. List the prime factors of n.
2, 7, 23
Let x = -2352 + 10985. List the prime factors of x.
89, 97
Let w = -93 - -77. Let r be -6*w/(-36)*-294. Suppose -l = 2*l + 3*t - 606, 4*l = 2*t + r. List the prime factors of l.
2, 3, 11
Let t be (-26)/(((-48)/177)/8). Let y = -513 + t. List the prime factors of y.
2, 127
Let n(w) = -149*w + 1081. List the prime factors of n(-18).
53, 71
Let x = 26144 - 12655. What are the prime factors of x?
7, 41, 47
Let u = -73 - -109. Suppose -35*k = -u*k + 68. Let l = -50 + k. List the prime factors of l.
2, 3
Let b(q) = -69*q**3 - 8*q**2 - 7*q + 30. List the prime factors of b(-3).
2, 3, 307
Let c(l) = 2*l**2 + 2*l - 1. Let w be c(-2). Suppose 4*u = 5*h - 112, w*h - 48 = -0*h - 4*u. What are the prime factors of h/30 - ((-295)/3 + -2)?
101
Suppose 22*c - 24*c - 8 = 0. List the prime factors of (-22)/(-5) + c + 4343/5.
11, 79
Suppose -2*d = -4*a + 42, 4*a = 3*d + 2*a + 43. Let f be 384 + d - (2 + 0). Suppose -f = -8*r + r. What are the prime factors of r?
53
Suppose 0 = 23*s - 122898 - 68140. List the prime factors of s.
2, 4153
Suppose -5*f = -4*q - 79900, -q = 11*f - 13*f + 31960. List the prime factors of f.
2, 5, 17, 47
What are the prime factors of (574216/(-10) + 34/(-85))*(-2)/4?
28711
Let o be (-4620)/(-18) + 4/3. Let w = 720 - o. What are the prime factors of w?
2, 3, 7, 11
Let i(w) = w**2 - 14*w + 21. Let v be i(12). Let b(c) = 102*c + 2. Let o be b(v). Let h = -199 - o. List the prime factors of h.
3, 5, 7
Let j(p) = p**3 + p**2 + 2*p + 3. Let k be j(-2). List the prime factors of 1822/30*3 - (-1)/k.
2, 7, 13
Suppose -4*n + 11285 + 8309 + 9038 = 0. What are the prime factors of n?
2, 3, 1193
Let i = -518 - -532. What are the prime factors of (i/(-21))/(8/(-11532))?
31
Let p(n) = n**3 + 12*n**2 + 3*n + 38. Let j be p(-12). What are the prime factors of ((-5)/j*-97)/(2/4)?
5, 97
Suppose 500*l + 4*t = 505*l - 7532, 0 = -2*l - 3*t + 2999. What are the prime factors of l?
2, 47
Suppose -12*v - 1053 = -9*v. List the prime factors of (v/(-6) + -6)*4.
2, 3,